is -4660 (base 11) in base 4?
-1133210
Convert 16106 (base 7) to base 13.
2093
What is 13346 (base 8) in base 11?
444a
-1204134 (base 5) to base 4
-11132103
3214 (base 5) to base 10
434
What is -441 (base 10) in base 12?
-309
Convert -2424 (base 5) to base 7.
-1030
What is 11010011101 (base 2) in base 12?
b91
Convert 234420 (base 7) to base 15.
c869
What is cdc (base 14) in base 9?
3438
Convert -2888 (base 13) to base 10.
-5858
Convert -1110101 (base 3) to base 13.
-63a
What is 526 (base 13) in base 6?
4021
Convert -a06 (base 12) to base 10.
-1446
What is -64513 (base 7) in base 9?
-23884
-13310122 (base 4) to base 8
-76432
What is 507 (base 8) in base 16?
147
Convert 12222000 (base 3) to base 5.
114342
Convert 32414 (base 5) to base 7.
6341
Convert 14592 (base 10) to base 6.
151320
Convert 2a14 (base 13) to base 3.
22100222
Convert 5718 (base 10) to base 14.
2126
What is 114234 (base 6) in base 9?
14674
44 (base 7) to base 13
26
Convert 417 (base 14) to base 4.
30211
Convert -2122001 (base 3) to base 8.
-3576
-1108 (base 11) to base 9
-2002
Convert 37836 (base 10) to base 15.
b326
Convert -4844 (base 9) to base 16.
-e14
-90 (base 16) to base 8
-220
Convert -11001001001 (base 2) to base 10.
-1609
What is 100122 (base 3) in base 8?
404
Convert 22b0 (base 12) to base 14.
15ac
What is -10110 (base 2) in base 7?
-31
Convert 139bb (base 13) to base 14.
d5c7
-28617 (base 11) to base 4
-21323202
What is -4a44 (base 11) in base 14?
-2582
-4c6c (base 16) to base 3
-222211121
What is -29276 (base 11) in base 9?
-63036
Convert 16875 (base 9) to base 15.
36bb
-33382 (base 10) to base 8
-101146
What is 1133 (base 5) in base 9?
206
Convert -1020111212 (base 3) to base 5.
-1240211
What is -1102010001 (base 3) in base 13?
-c853
-101021101 (base 3) to base 2
-1110101000001
What is 1664 (base 8) in base 10?
948
Convert 1320 (base 8) to base 11.
5a5
What is 140b (base 13) in base 12?
1804
-171a (base 11) to base 15
-9b9
-2062 (base 8) to base 5
-13244
-6741 (base 8) to base 9
-4777
What is -3f3e (base 16) in base 9?
-24178
43075 (base 8) to base 13
8252
Convert -10000000 (base 2) to base 16.
-80
What is -722 (base 10) in base 6?
-3202
Convert -b49 (base 14) to base 12.
-1351
Convert 1171c (base 16) to base 8.
213434
What is 5ccb (base 13) in base 11?
99a2
What is d65 (base 14) in base 5?
41022
12545 (base 7) to base 4
310211
69d (base 16) to base 13
a03
-537 (base 13) to base 4
-31323
What is -111 (base 14) in base 7?
-421
-120013 (base 5) to base 3
-20000100
100001001111000 (base 2) to base 12
9a20
-321 (base 9) to base 5
-2022
461 (base 12) to base 11
540
Convert 2c61 (base 14) to base 6.
100405
-1849 (base 10) to base 6
-12321
Convert -1101421 (base 6) to base 16.
-d615
What is -1131 (base 4) in base 8?
-135
Convert -131 (base 13) to base 3.
-21202
-452 (base 12) to base 5
-10023
50663 (base 10) to base 12
2539b
What is -21727 (base 9) in base 7?
-60052
What is -100010011100110 (base 2) in base 9?
-26167
What is 514154 (base 6) in base 16?
a096
What is -252 (base 11) in base 2?
-100101011
What is -134303 (base 6) in base 10?
-12639
-41002 (base 6) to base 7
-21515
0 (base 14) to base 11
0
What is 1332 (base 5) in base 14?
117
-19214 (base 12) to base 8
-107360
What is 78b9 (base 12) in base 5?
412024
2633 (base 12) to base 10
4359
-226 (base 13) to base 4
-11302
Convert -33113 (base 4) to base 8.
-1727
Convert -31330130 (base 4) to base 13.
-1ccc7
-2424 (base 7) to base 12
-630
What is -112133 (base 5) in base 15?
-12e8
What is 1144 (base 8) in base 6?
2500
10103 (base 8) to base 14
1735
Convert 2200 (base 11) to base 16.
b58
Convert 701 (base 8) to base 13.
287
262503 (base 7) to base 2
1011111100111010
What is 14133 (base 5) in base 13?
6bb
-14492 (base 10) to base 14
-53d2
1111101101110 (base 2) to base 5
224141
-1111 (base 6) to base 3
-100121
What is -108d (base 14) in base 7?
-11236
What is 320003 (base 4) in base 10?
3587
What is -d73 (base 15) in base 14?
-1169
What is 1113 (base 15) in base 14?
1466
Convert -61570 (base 9) to base 13.
-15603
-7017 (base 10) to base 9
-10556
What is 1010011000 (base 2) in base 4?
22120
What is 4cb (base 15) in base 3?
1111102
What is 435 (base 8) in base 4?
10131
Convert 8962 (base 16) to base 3.
1210020121
What is -2a5 (base 16) in base 7?
-1655
What is 712 (base 9) in base 4?
21002
231022 (base 4) to base 11
2198
-54124 (base 10) to base 6
-1054324
245152 (base 6) to base 13
9c65
Convert 15444 (base 8) to base 9.
10470
1311 (base 11) to base 14
89c
Convert 5634 (base 10) to base 7.
22266
What is -110101000011 (base 2) in base 12?
-1b6b
What is 7a66 (base 13) in base 8?
41401
Convert -1113 (base 8) to base 6.
-2415
What is 2001222 (base 3) in base 13?
8c3
What is 12022200 (base 3) in base 8?
7447
Convert -2030014 (base 5) to base 14.
-c10a
Convert -51356 (base 8) to base 9.
-32108
Convert 275 (base 10) to base 8.
423
Convert 4222 (base 7) to base 16.
5ce
Convert 74d7 (base 15) to base 11.
1763a
Convert -7 (base 16) to base 13.
-7
1244 (base 5) to base 11
171
Convert -10303 (base 6) to base 2.
-10101111111
What is 1121000 (base 3) in base 11?
966
23021223 (base 4) to base 3
2022122200
Convert -11101011010 (base 2) to base 10.
-1882
Convert 16b5 (base 14) to base 12.
243b
-2221231 (base 5) to base 9
-58367
What is -1122220 (base 3) in base 16?
-4bc
Convert 212030 (base 4) to base 11.
1922
Convert 55507 (base 8) to base 10.
23367
Convert -97a5 (base 14) to base 15.
-7b78
Convert 6001 (base 8) to base 10.
3073
1501 (base 6) to base 5
3042
What is 2495 (base 14) in base 6?
45351
What is -58 (base 12) in base 2?
-1000100
Convert 316 (base 13) to base 4.
20032
What is -111101011000 (base 2) in base 7?
-14311
1121020010 (base 3) to base 2
111101100011000
Convert -422204 (base 5) to base 8.
-33346
Convert 9d4 (base 15) to base 4.
202300
-87 (base 16) to base 6
-343
Convert -320132 (base 4) to base 9.
-4855
d2c (base 15) to base 6
21423
What is -8b3 (base 13) in base 4?
-113122
Convert -3230 (base 6) to base 3.
-1000100
Convert 64402 (base 7) to base 16.
3e68
Convert -1562 (base 13) to base 15.
-dd2
-19cd (base 16) to base 7
-25154
What is ae12 (base 15) in base 13?
13a5a
-693 (base 16) to base 12
-b83
What is 101110 (base 3) in base 4?
10122
Convert 14313 (base 5) to base 2.
10010111000
What is 1163 (base 11) in base 12?
a69
What is -3b6 (base 16) in base 15?
-435
Convert -1011000100 (base 2) to base 9.
-866
380 (base 9) to base 8
473
Convert -5c51 (base 15) to base 6.
-230551
121211 (base 3) to base 4
13012
Convert 541 (base 11) to base 9.
802
What is -11710 (base 8) in base 13?
-23c7
-22565 (base 7) to base 10
-5780
What is 51b9 (base 15) in base 13?
7b2a
Convert 4325 (base 6) to base 10.
989
What is -17a7 (base 11) in base 9?
-3130
Convert -14d1 (base 16) to base 7.
-21352
Convert -702 (base 8) to base 14.
-242
121201 (base 6) to base 4
2212201
20122 (base 9) to base 4
3032213
222 (base 6) to base 5
321
What is -124242 (base 5) in base 12?
-2a43
What is -49b7 (base 16) in base 5?
-1100441
-326b (base 14) to base 2
-10001000001111
-10234 (base 6) to base 2
-10101101110
Convert 222 (base 3) to base 7.
35
What is -2120022 (base 3) in base 9?
-2508
Convert -10011100010100 (base 2) to base 9.
-14645
-210 (base 8) to base 16
-88
Convert 23230 (base 10) to base 14.
8674
What is 9a3 (base 15) in base 10?
2178
37c8 (base 15) to base 4
2321300
-418 (base 10) to base 9
-514
-6533 (base 9) to base 12
-2949
202200 (base 4) to base 2
100010100000
What is -866 (base 9) in base 2?
-1011000100
Convert 14403 (base 6) to base 11.
1808
-55 (base 8) to base 10
-45
-49 (base 14) to base 6
-145
Convert -188 (base 15) to base 16.
-161
Convert -3b0 (base 13) to base 11.
-541
Convert -33101 (base 4) to base 14.
-4db
Convert -7222 (base 8) to base 5.
-104410
1111110011101 (base 2) to base 4
1332131
What is -122002200 (base 3) in base 2?
-11000010110001
e29 (base 15) to base 10
3189
Convert -12ca (base 13) to base 6.
-20301
Convert -64735 (base 9) to base 6.
-530305
-2212021 (base 4) to base 12
-61a1
What is -361 (base 10) in base 8?
-551
Convert 1764 (base 10) to base 15.
7c9
-110b0 (base 13) to base 16
-78b5
-228 (base 12) to base 16
-140
What is 691 (base 10) in base 15?
311
What is 360 (base 8) in base 7?
462
12290 (base 13) to base 7
166256